1751. Give s(2).
1
Let v(s) = s**2 + 27*s + 27. What is v(-24)?
-45
Let i(g) = -g**3 - 9*g**2 - 616*g - 2363. Give i(-4).
21
Let l(r) = 55*r - 11. What is l(0)?
-11
Let z(w) = w**3 - 13*w**2 + 57*w - 100. Calculate z(7).
5
Let p(k) = 123*k - 5938. Calculate p(48).
-34
Let p(k) = -6*k**2 - 257*k + 47. What is p(-43)?
4
Let d(h) = h**3 + 119*h**2 + 664*h - 1572. Give d(-113).
10
Let z(j) = -23*j + 155. Determine z(5).
40
Let o(h) = -3*h**2 + 357*h - 2373. What is o(7)?
-21
Let p(i) = -21*i**2 - 15*i + 646. Calculate p(-6).
-20
Let u(q) = -59*q**2 + 197*q + 598. Calculate u(-3).
-524
Let z(u) = 3*u**3 + 25*u**2 - 19*u + 7. Determine z(-9).
16
Let b(n) = 2980*n + 38732. Give b(-13).
-8
Let m(b) = 1403*b - 16856. Determine m(12).
-20
Let u(d) = 2*d**2 + 264*d + 246. What is u(-131)?
-16
Let d(y) = -y**3 + 33*y**2 - 37*y + 1. Give d(32).
-159
Let u(x) = -4*x**2 - 12*x + 5. Calculate u(-7).
-107
Let i(r) = r**2 - 67*r + 905. What is i(39)?
-187
Let a(z) = 4*z**3 + 28*z**2 + 3*z + 4. Determine a(-7).
-17
Let q(m) = m**3 - 37*m**2 + 72*m - 55. Calculate q(35).
15
Let j(c) = 16981*c + 50951. Determine j(-3).
8
Let j(q) = -11*q**2 + 1067*q + 6. Determine j(97).
6
Let n(b) = b**2 - 64*b + 542. Give n(50).
-158
Let m(c) = -2*c**2 - 174*c - 3593. Determine m(-53).
11
Let b(z) = z**3 - 2*z**2 - 5*z - 7. Calculate b(-2).
-13
Let c(f) = -2*f**2 + 126*f + 47627. Determine c(189).
-1
Let n(l) = -5*l**3 - 35*l**2 + 11*l + 26. Calculate n(-7).
-51
Let o(l) = -l**2 + 2188*l - 19604. Calculate o(9).
7
Let p(f) = -f**3 - 5*f**2 + 22*f + 71. Calculate p(-6).
-25
Let y(h) = h**3 + 12*h**2 + 37*h + 37. What is y(-8)?
-3
Let p(s) = -833*s + 10829. What is p(13)?
0
Let k(r) = 4083*r + 142906. Give k(-35).
1
Let i(r) = -34*r - 214. Determine i(-13).
228
Let g(l) = -2*l**3 + 10*l**2 + 6*l - 2. What is g(5)?
28
Let v(u) = 10*u**2 - 224*u + 39. What is v(22)?
-49
Let r(z) = -14*z - 389. Calculate r(-29).
17
Let b(f) = 5*f**2 - 25*f + 25. Give b(5).
25
Let i(t) = 6*t**3 + 81*t**2 - 245*t - 3700. Give i(-13).
-8
Let o(f) = -f**2 - 117*f + 854. What is o(-123)?
116
Let l(o) = -202*o + 769. Give l(5).
-241
Let q(c) = 16*c**2 + 16*c - 8. Determine q(-2).
24
Let h(d) = 7239*d + 57909. What is h(-8)?
-3
Let y(b) = 42*b**2 - 123*b - 19. Give y(3).
-10
Let f(j) = 2*j**2 + 29*j - 557. Calculate f(11).
4
Let r(u) = -u**2 - 75*u + 402. Calculate r(5).
2
Let k(m) = -9*m**3 + 6*m**2 + 55*m - 116. Calculate k(2).
-54
Let x(b) = -2*b**3 - 13*b**2 - 10*b - 20. Give x(-6).
4
Let i(f) = -f**3 - 7*f**2 + 23*f - 60. What is i(5)?
-245
Let h(b) = 53*b**2 - 479*b + 17. Determine h(9).
-1
Let m(w) = 16*w - 631. Calculate m(44).
73
Let g(c) = -20*c + 1226. Calculate g(42).
386
Let i(f) = -2*f**2 - 249*f - 6390. Determine i(-36).
-18
Let h(b) = -b**3 + 20*b**2 - 16*b + 1. Determine h(19).
58
Let h(g) = -184*g + 1454. Calculate h(8).
-18
Let v(u) = -3*u**2 - 54*u - 204. Calculate v(-5).
-9
Let g(v) = 5*v**2 + 266*v - 6413. Calculate g(18).
-5
Let o(r) = -657*r - 7226. Give o(-11).
1
Let g(u) = 2*u**2 + 301*u - 6631. What is g(-170)?
-1
Let d(k) = -k**2 - 15*k - 31. Determine d(-5).
19
Let p(l) = 3*l**3 + 28*l**2 - 23*l - 7. Calculate p(-10).
23
Let o(n) = 3*n**2 + 26*n - 63. Determine o(-10).
-23
Let h(m) = -97*m + 6794. What is h(70)?
4
Let x(l) = 38*l**2 + 494*l + 4. Give x(-13).
4
Let r(w) = -3*w**2 + 316*w + 1274. What is r(-4)?
-38
Let d(x) = -x**2 + 179*x + 10087. What is d(-45)?
7
Let y(z) = -138*z + 885. What is y(6)?
57
Let p(q) = -q**3 + 10*q**2 - 36*q - 10. What is p(10)?
-370
Let j(v) = -8*v**2 + 98*v + 89. Give j(13).
11
Let h(d) = -d**3 + d**2 + 133*d + 5. Determine h(-11).
-6
Let l(j) = 2*j**3 - 23*j**2 + 14*j - 24. Calculate l(11).
9
Let a(u) = 8*u**2 - 9*u + 6. What is a(2)?
20
Let b(c) = 19*c**3 - 110*c**2 - 2*c - 17. Give b(6).
115
Let l(g) = -23*g - 237. Determine l(-11).
16
Let h(z) = 18*z**3 + 2*z**2 - 2*z - 2. Determine h(2).
146
Let x(i) = -5*i**2 + 110*i - 350. What is x(3)?
-65
Let v(p) = 4*p**3 - 42*p**2 - 71*p - 20. Determine v(12).
-8
Let p(n) = 14*n + 211. Determine p(-11).
57
Let s(i) = i**3 - 11*i**2 + 33*i - 91. Determine s(9).
44
Let d(m) = -4*m**3 - 20*m**2 - 8*m + 53. Calculate d(-2).
21
Let v(c) = -34*c + 2812. What is v(83)?
-10
Let q(n) = -168*n - 6219. Determine q(-37).
-3
Let l(q) = -q**3 + 10*q**2 - 38*q - 2. Give l(4).
-58
Let p(r) = 26*r + 2659. What is p(-102)?
7
Let p(n) = 2*n**3 - 14*n**2 - 48*n - 28. What is p(-2)?
-4
Let c(o) = -2*o**3 - 258*o**2 + 7*o + 900. Determine c(-129).
-3
Let i(x) = x**3 - 7*x**2 + 14*x - 17. Give i(5).
3
Let u(s) = 2*s**3 + 21*s**2 - 1349*s - 11117. Give u(-8).
-5
Let i(n) = -n**2 + 10*n + 46. Determine i(-4).
-10
Let g(d) = -d + 81. Determine g(44).
37
Let q(p) = 3*p**3 - 130*p**2 - 221*p - 184. What is q(45)?
-4
Let u(o) = o**2 - 97*o + 773. Determine u(9).
-19
Let p(l) = l**2 + 1049*l + 17560. Give p(-17).
16
Let n(z) = 457*z + 229. Determine n(-2).
-685
Let u(b) = 26*b + 384. What is u(-6)?
228
Let z(t) = -t**2 + 160*t + 2995. What is z(-17)?
-14
Let y(p) = 7598*p + 167161. Determine y(-22).
5
Let v(p) = 19773*p + 79096. Determine v(-4).
4
Let p(w) = -4*w**2 + 18*w + 26. Give p(6).
-10
Let s(t) = -t**3 - 10*t**2 + 51*t + 465. What is s(-6)?
15
Let y(w) = 129*w + 2580. What is y(-20)?
0
Let a(q) = -10*q**2 - 63*q - 92. Determine a(-4).
0
Let q(j) = 510*j - 1033. Determine q(2).
-13
Let o(q) = 3*q**2 + 65*q - 340. Determine o(-26).
-2
Let f(c) = c**2 - 36*c + 33. Give f(12).
-255
Let m(c) = 3*c**3 - 29*c**2 + 28*c + 3. What is m(9)?
93
Let j(a) = 20*a + 865. What is j(-43)?
5
Let b(u) = -u**3 - 34*u**2 + 147*u + 15. What is b(4)?
-5
Let d(y) = 4*y + 150. Calculate d(-32).
22
Let j(z) = 38*z - 399. Give j(6).
-171
Let g(t) = t**3 - 16*t**2 + 17*t - 35. Determine g(15).
-5
Let b(g) = -2460*g - 7392. Determine b(-3).
-12
Let l(b) = 937*b + 2811. Determine l(-3).
0
Let y(s) = -s**2 - 121*s - 463. Calculate y(-4).
5
Let l(i) = -i**3 + 20*i**2 + 36*i - 317. Calculate l(21).
-2
Let c(o) = -4*o**2 + 8*o + 223. Determine c(-8).
-97
Let n(f) = 21*f**2 - 590*f - 1774. Determine n(-3).
185
Let w(o) = 10*o - 165. What is w(14)?
-25
Let s(x) = -79*x - 426. Determine s(-7).
127
Let g(b) = -3*b**3 - 385*b**2 + 263*b + 687. Calculate g(-129).
42
Let w(z) = z**2 - 29*z + 6. What is w(28)?
-22
Let g(o) = 3*o - 23. What is g(14)?
19
Let x(k) = -62*k - 1814. Determine x(-30).
46
Let g(s) = 762*s + 16008. Calculate g(-21).
6
Let s(d) = -45*d**3 + 1486*d**2 - 40*d + 220. Calculate s(33).
-11
Let t(b) = b**3 - 11*b**2 - 24*b + 88. What is t(13)?
114
Let x(t) = -6*t**2 - 3*t + 40. What is x(3)?
-23
Let b(m) = 35*m - 3606. Determine b(103).
-1
Let n(k) = 14*k**2 - 35*k - 9. What is n(-2)?
117
Let m(x) = -x**3 - 63*x**2 + 484*x - 420. What is m(-70)?
0
Let j(p) = -p**3 - 29*p - 117. Give j(-3).
-3
Let j(f) = 169*f + 235. Calculate j(-3).
-272
Let d(n) = -n**2 + 19*n + 9. What is d(16)?
57
Let j(w) = -2*w**3 - 9*w**2 - 5*w - 7. What is j(-4)?
-3
Let v(k) = 108*k - 5887. Calculate v(54).
-55
Let j(s) = s**3 - 17*s**2 + 15*s + 113. What is j(16)?
97
Let n(x) = -2*x**2 + 257*x + 1504. Determine n(-6).
-110
Let j(v) = -67*v**2 + 7*v + 9. What is j(-2)?
-273
Let z(r) = -r**3 + 20*r - 6. Give z(-4).
-22
Let a(m) = 3*m**2 - 91*m - 513. Determine a(-5).
17
Let x(t) = t**3 - 7*t**2 + 94*t - 829. Calculate x(8).
-13
Let g(t) = -6*t**2 + 212*t - 263. Calculate g(34).
9
Let u(j) = 2*j**3 - 19*j**2 - 337*j - 39. Determine u(-9).
-3
Let u(z) = 7*z**2 - 14*z - 19. Calculate u(-4).
149
Let g(m) = -17*m + 177. Give g(11).
-10
Let p(t) = -t**2 + 165*t + 1. Give p(0).
1
Let a(r) = 2*r**3 + 15*r**2 - 222*r - 1632. What is a(-7)?
-29
Let z(n) = 424*n - 38998. What is z(92)?
10
Let n(m) = -14*m + 256. Calculate n(21).
-38
Let k(t) = -404*t + 3598. What is k(9)?
-38
Let j(b) = 146*b + 1051. Determine j(-9).
-263
Let x(t) = -1973*t + 13749. Give x(7).
-62
Let t(b) = 8*b**2 + 133*b - 23. What is t(-16)?
-103
Let k(n) = 2*n**2 - 43*n + 69. Determine k(18).
-57
Let d(f) = -f**3 + 36*f**2 - 225*f + 4. What is d(28)?
-24
Let d(f) = f**3 - 81*f**2 + 40*f - 3238. Determine d(81).
2
Let h(y) = -2*y**2 - 130*y - 2064. Determine h(-39).
-36
Let a(g) = 38*g + 576. Give a(-8).
272
Let i(v) = -v**3 - 3*v**2 + 128*v - 454. What is i(5)?
-14
Let b(o) = 8*o**3 - 6*o**2 + 4*o. Calculate b